
26
Let s(t) = t**2 - 681*t + 104180. Give s(232).
12
Let j(f) = -2*f**2 - 84*f - 527. Give j(-34).
17
Let x(c) = -15*c**3 - 88*c**2 - 46*c - 345. Give x(-6).
3
Let q(y) = 24289*y + 242860. Calculate q(-10).
-30
Let u(b) = 2*b**3 + 64*b**2 + 63*b - 1771. Calculate u(-30).
-61
Let n(u) = -u**3 - 17*u**2 - 122*u - 1394. Calculate n(-15).
-14
Let d(l) = -101*l**2 - 14222*l + 17034. Determine d(-142).
-6
Let c(f) = -3798*f + 3330850. Determine c(877).
4
Let v(r) = -20*r**2 - 366*r - 836. What is v(-16)?
-100
Let l(q) = 19*q**3 - q**2 + 66*q - 67. What is l(1)?
17
Let o(x) = x**2 + 667*x + 65679. What is o(-547)?
39
Let w(j) = -2*j**3 + 134*j + 398. What is w(-13)?
3050
Let a(z) = 5*z**3 - 81*z**2 + 21*z - 15. Calculate a(16).
65
Let j(m) = 4*m**2 - 1007*m - 42742. Calculate j(-37).
-7
Let u(h) = -14089*h + 56535. Calculate u(4).
179
Let w(q) = -q**3 + 195*q**2 + 44*q + 108910. Determine w(198).
10
Let c(l) = -269*l - 12755. What is c(-29)?
-4954
Let c(x) = 2*x**3 + 12*x**2 - 698*x + 1949. What is c(3)?
17
Let p(o) = 8*o**3 + 199*o**2 - 1214*o + 489. Give p(-30).
9
Let s(n) = -n**3 - 56*n**2 - 22*n + 643. Determine s(-55).
-1172
Let a(l) = -7*l**2 - 1784*l + 9083. Calculate a(5).
-12
Let s(g) = g**3 + 12*g**2 - 1227*g - 21335. Give s(-20).
5
Let m(t) = -11*t**2 - 2129*t + 5288. Determine m(-196).
-4
Let d(n) = -75*n + 4398. Determine d(47).
873
Let i(w) = 3*w**3 - 1146*w**2 + 343*w - 131032. Determine i(382).
-6
Let u(r) = 2*r**2 - 1704*r - 43490. Determine u(-25).
360
Let h(c) = 5*c**3 - 41*c**2 - 41*c - 193. Give h(10).
297
Let d(n) = 35*n**3 + 6*n**2 - 2*n + 8. Give d(2).
308
Let l(s) = 7*s**2 - 129*s + 74. Determine l(17).
-96
Let s(j) = j**2 + 201*j - 25769. Give s(-291).
421
Let d(m) = m**3 - 545*m**2 + 72615*m + 223. Give d(313).
-90
Let c(x) = 2*x**2 - 115*x + 84. Give c(57).
27
Let j(l) = -4096*l - 168390. Give j(-41).
-454
Let r(y) = -2*y**2 - 1161*y + 102741. What is r(78)?
15
Let z(u) = -2*u**3 - 135*u**2 + 581*u + 6. Determine z(4).
42
Let k(c) = 7*c**2 - 13314*c - 53357. Determine k(-4).
11
Let o(t) = 2*t**2 - 79*t - 977. What is o(-10)?
13
Let n(b) = -7*b**2 + 40*b + 705. Calculate n(-15).
-1470
Let b(c) = 10*c**2 - 15124*c - 213702. What is b(-14)?
-6
Let p(a) = -2*a**2 + 80*a + 32. Calculate p(41).
-50
Let k(x) = x**3 + 37*x**2 + 157*x + 2140. Give k(-32).
2236
Let a(l) = l**3 + 24*l**2 + 36*l + 856. Give a(-24).
-8
Let j(c) = c**2 + 42625*c + 1660900. Calculate j(-39).
46
Let f(a) = -11*a**3 + 999*a**2 + 248*a - 6005. What is f(91)?
1
Let s(f) = -18*f**2 - 422*f + 46. What is s(-22)?
618
Let s(h) = 54*h**3 - 2918*h**2 + 107*h + 51. Determine s(54).
-3
Let b(j) = 8*j**2 - 1665*j + 80390. Calculate b(132).
2
Let o(i) = -i**3 + 11*i**2 + 825*i - 1431. Give o(34).
31
Let w(g) = -30*g**2 - 519*g - 2240. Determine w(-9).
1
Let g(b) = 49*b**2 + 3648*b - 10956. Give g(3).
429
Let x(o) = 2*o**3 + 442*o**2 + 965*o - 1023. What is x(-3)?
6
Let y(m) = 627*m + 395543. Determine y(-631).
-94
Let d(z) = -565*z + 13354. Determine d(24).
-206
Let u(v) = -3*v**3 - 34*v**2 + 112*v + 407. Determine u(-20).
8567
Let o(l) = 2*l**2 - 459*l + 6594. Give o(14).
560
Let j(o) = o**3 + 12*o**2 + 204*o + 1399. Give j(-7).
216
Let m(f) = 7*f**3 - 12*f**2 - 781*f + 1552. Determine m(2).
-2
Let l(s) = -527*s + 8523. Give l(17).
-436
Let i(y) = -26*y**2 - 113*y + 411. Give i(5).
-804
Let n(m) = 4*m**3 - 37*m**2 - 5*m - 119. Determine n(9).
-245
Let o(h) = h**2 - 1129*h + 3368. What is o(3)?
-10
Let x(c) = 2*c**2 + 5547*c + 11092. Give x(-2).
6
Let u(z) = 2*z**3 + 17*z**2 + 388*z + 8738. What is u(-15)?
-7
Let h(y) = -1398*y + 1253. What is h(1)?
-145
Let v(s) = 1827*s - 1434. Calculate v(1).
393
Let l(c) = 1127*c**2 - 22*c + 19. Calculate l(0).
19
Let j(m) = 215*m - 2400. Calculate j(21).
2115
Let m(p) = 47*p + 1091. Calculate m(-36).
-601
Let t(i) = 12*i**2 + 119*i - 6746. What is t(-28)?
-670
Let o(x) = -160*x**3 - 45*x**2 - 92*x - 15. Calculate o(-2).
1269
Let v(t) = -851021*t + 5957173. Calculate v(7).
26
Let j(g) = 3*g**3 - 102*g**2 - 208*g - 68. Determine j(36).
220
Let o(h) = -h**2 - 1687*h - 126918. Give o(-79).
114
Let q(o) = 214*o + 4579. What is q(-21)?
85
Let d(f) = -6*f**2 + 531*f + 3379. Give d(-6).
-23
Let f(d) = d**3 + 17*d**2 - 163*d + 880. Give f(-25).
-45
Let x(v) = 2*v**3 + 5*v**2 + 430*v + 2277. What is x(-5)?
2
Let i(j) = -j**3 + 130*j**2 - 1910*j + 43. What is i(17)?
230
Let a(c) = 882528*c - 7942722. Give a(9).
30
Let n(l) = l**3 + 139*l**2 - 107*l - 33807. Determine n(-138).
3
Let o(a) = 4*a**3 + 16*a**2 + 87*a + 607. What is o(-5)?
72
Let u(o) = -27591*o + 27590. Give u(1).
-1
Let j(m) = -14*m**2 + 28*m + 50369. Calculate j(61).
-17
Let q(h) = 12202*h - 36604. Determine q(3).
2
Let o(s) = -176*s**3 - 1584*s**2 - 22*s - 20. What is o(-9)?
178
Let z(k) = k**3 - 16*k**2 - 68*k + 121. Give z(13).
-1270
Let t(m) = -306*m - 3001. What is t(-8)?
-553
Let r(q) = 12*q**3 - 99*q**2 + 30*q + 21. Calculate r(8).
69
Let l(v) = -11*v**2 + 249*v - 110. Determine l(19).
650
Let w(a) = -a**2 + 62957*a - 31600210. What is w(506)?
-4
Let x(y) = 2*y**2 + 387*y - 16504. Determine x(36).
20
Let d(j) = -433*j + 1161. Give d(5).
-1004
Let m(n) = 5*n**2 - 945*n - 90623. Calculate m(-70).
27
Let a(i) = -553*i + 4222. Determine a(8).
-202
Let b(m) = -124*m**2 - 159*m + 1136. What is b(7)?
-6053
Let h(i) = -1342*i + 10. Give h(1).
-1332
Let u(o) = -1981*o + 818160. Give u(413).
7
Let t(k) = 7353*k - 162071. Determine t(22).
-305
Let k(s) = -s**3 + 22*s**2 + 161*s - 4089. Determine k(22).
-547
Let q(s) = s**3 + 3493*s**2 - 17504*s + 86. Determine q(5).
16
Let s(c) = -11*c**3 - 32*c**2 + 301*c - 903. What is s(6)?
-2625
Let k(p) = -32*p**2 + 9644*p - 3587. Calculate k(301).
25
Let q(y) = 83*y + 5850. Give q(-74).
-292
Let w(v) = 18*v**2 + 1519*v - 127. What is w(-85)?
808
Let w(s) = 27*s**3 - 4318*s**2 - 337*s + 2726. What is w(160)?
6
Let p(x) = 14276*x + 185614. What is p(-13)?
26
Let v(p) = p**3 + 207*p**2 + 9301*p - 576. Give v(-141).
129
Let q(f) = -84596*f - 169193. Calculate q(-2).
-1
Let a(y) = -37916*y + 75818. Give a(2).
-14
Let f(l) = -l**3 + 888*l**2 - 48918*l + 438. Determine f(59).
25
Let t(y) = 2*y**3 - 187*y**2 - 1279*y - 522. Calculate t(-6).
-12
Let o(i) = -92306*i + 2861482. Determine o(31).
-4
Let z(u) = -119372*u - 1193723. Calculate z(-10).
-3
Let r(l) = 34367*l + 137479. Give r(-4).
11
Let z(h) = -2*h**2 + 92*h + 9097. Calculate z(-45).
907
Let g(u) = -u**2 - 22582*u + 2541735. Give g(112).
7
Let g(s) = -s**3 - 24*s**2 + 1012*s + 104. Determine g(-46).
104
Let q(x) = 45*x**2 - 71*x + 367. Give q(5).
1137
Let w(h) = -646*h**2 - 4422*h + 340. What is w(-7)?
-360
Let g(y) = 832*y + 27589. What is g(-33)?
133
Let p(o) = -o**3 - 43*o**2 + 1771*o + 72366. What is p(-49)?
-7
Let m(x) = -x**3 + 31*x**2 - 197*x - 4. Determine m(6).
-286
Let i(x) = x**3 - 632*x**2 + 4358*x + 10567. What is i(625)?
-58
Let a(y) = -953*y**2 - 17134*y + 350. Give a(-18).
-10
Let q(d) = -632*d + 2056. Give q(6).
-1736
Let r(l) = 4885*l - 228291. Give r(47).
1304
Let t(j) = -2*j**2 - 50*j + 1968. Give t(-46).
36
Let c(d) = -37*d + 909. Determine c(11).
502
Let d(u) = -10*u**2 + 651*u - 107. What is d(65)?
-42
Let r(d) = -7346*d - 66124. What is r(-9)?
-10
Let w(z) = z**3 + 4*z**2 - 1308*z - 209. Determine w(0).
-209
Let g(a) = 2*a**3 + 16*a**2 - 253*a - 10209. Determine g(17).
-60
Let x(j) = -1803390*j - 27050845. What is x(-15)?
5
Let d(x) = x**2 + 7*x - 40. Give d(6).
38
Let g(o) = -17547*o - 1824884. Calculate g(-104).
4
Let z(j) = 320*j**2 - 24001*j + 189. Determine z(75).
114
Let y(l) = 112*l + 360. Determine y(-3).
24
Let q(f) = 7837*f + 117702. Determine q(-15).
147
Let p(s) = 2*s**2 + 86*s - 101. Calculate p(-43).
-101
Let f(g) = g**3 + 64*g**2 - 939*g + 2. Give f(14).
2144
Let c(s) = -s**2 - 290*s - 19764. Determine c(-103).
-503
Let y(x) = -3*x**2 - 34*x + 1206. What is y(-26)?
62
Let i(t) = -2*t**2 - 1601*t + 318601. What is i(165)?
-14
Let r(m) = 28*m**2 + 1837*m - 2596. Give r(-67).
17
Let f(y) = -y**3 - 334*y**2 - 714*y - 126876. Give f(-333).
-3
Let z(m) = -23243*m + 16967391. Determine z(730).
1
Let r(m) = 350074*m + 1400315. Determine r(-4).
19
Let i(n) = 118*n + 5527. Determine i(-54).
-845
Let l(b) = 4875*b + 23577. What is l(-5)?
-798
Let x(y) = y**3 